f w?
8
Suppose -6*b = -x + 213, -4*b + 5*b = -2*x + 413. What is the hundreds digit of x?
2
Let r(g) = -68*g**2 + g - 2. Let d(p) = -p**3 + 7*p**2 + 10*p - 12. Let v be d(8). Let x be r(v). What is the tens digit of 24/56 - x/14?
7
Suppose 2755*u = 2770*u - 58365. What is the thousands digit of u?
3
Let f(o) = -59514*o - 3507. What is the ten thousands digit of f(-1)?
5
Suppose 0 = 4818*j - 4785*j - 192753. What is the hundreds digit of j?
8
Let u be (-5150)/(-60) + 1 + (-5)/6. Suppose -u + 16 = 7*n. What is the hundreds digit of 1996/20 + (-2)/n?
1
Let w = 481 + -470. Suppose 4*r + 5866 = w*r. What is the tens digit of r?
3
Let u be ((-8)/(-32))/((-2)/(-16)). Let x be 248*(2 + -2*1/u). Suppose 2*a = -2*a + x. What is the units digit of a?
2
Let f = 155 + -139. Let i(k) = -k**3 + 19*k**2 + 7*k - 25. What is the units digit of i(f)?
5
Suppose -2*s - 17*l + 22*l = -152700, -2*l + 152700 = 2*s. What is the ten thousands digit of s?
7
Let j(d) = -5 + 5 - d**3 - 12 + 6*d - 4*d**2. Suppose -3*c = -2*c - 6, 5*f = -5*c - 5. What is the units digit of j(f)?
3
Suppose -4*z + 17249 = -35909 - 19066. What is the units digit of z?
6
Let q = 12773 - 5275. What is the hundreds digit of q?
4
Suppose -48127 = -z + 2*g, -28*z + 5*g + 192532 = -24*z. What is the hundreds digit of z?
1
Let i(v) = v**3 - 13*v**2 - 11*v - 27. Let p be i(14). What is the thousands digit of (-210)/(-7 - (-102)/p)?
1
Let t(b) = -4*b + 41. Let o be t(-11). Suppose -7*g + 862 = o. What is the units digit of g?
1
Let o(c) = -c - 36. Let s be o(-9). Let t be 758 + (6/s - (-22)/18). Suppose 6*a - t = 69. What is the units digit of a?
8
Let m(y) = 287*y + 1759. What is the thousands digit of m(116)?
5
What is the units digit of (6*20/(-360))/(1/(-3)) - -14632?
3
Suppose 39*g = 29*g + 1900. Suppose -k - 8 + 69 = -4*h, -4*k + h = -274. Let r = g - k. What is the tens digit of r?
2
Let k be (-2642)/((-8)/(-8)) - 7. Let x = -1488 - k. What is the tens digit of x?
6
Let g = 1510 + -819. Suppose 6*u - 1705 = -g. What is the tens digit of u?
6
What is the units digit of 0 + -7 + 58514*(-1)/8*-4?
0
Let u(q) = -4*q - 47. Let l be u(-9). Let y(x) = x**2 - 14*x + 33. What is the hundreds digit of y(l)?
3
Suppose -41*z - 400892 = 12*z - 1882719. What is the thousands digit of z?
7
Suppose 5*q - 45 = -4*q. Suppose 2725 = q*t + 4*f, 5*t - 4*f = -0*t + 2765. What is the units digit of t?
9
Let m(q) = -807*q + 58. Let l be m(-4). Suppose -3*c + l = -2*g, -2*c + 2384 - 184 = g. What is the hundreds digit of c?
0
Let g = -4440 - -6986. Suppose -4*x = 298 - g. What is the tens digit of x?
6
Let q(k) be the third derivative of -k**5/60 + 7*k**4/12 + 3*k**3 - 2*k**2 - 30. Let v(y) = -y + 13. Let i be v(0). What is the units digit of q(i)?
1
Let l = 88422 + -58429. What is the thousands digit of l?
9
Suppose -39*n - 265140 = -59*n. What is the thousands digit of n?
3
Let u(o) = -9*o - 29. Let w be u(-8). Suppose -w*x = -32*x - 341. What is the tens digit of x?
3
Let m(o) be the second derivative of -o**5/20 - 2*o**4/3 + o**2 + 2*o. Let p be m(-8). Let y(q) = 24*q + 1. What is the units digit of y(p)?
9
Let z(m) = 7*m**2 + 153*m - 1263. What is the thousands digit of z(59)?
2
Suppose 697*v = 718*v - 1113147. What is the ten thousands digit of v?
5
Suppose -q + 86585 = 4*r, -4*r - 4238 + 90811 = 5*q. What is the ten thousands digit of r?
2
Let g be (-4)/3*(-3)/(-2). What is the tens digit of (10/2 - 24)*18/g?
7
What is the ten thousands digit of ((-1 + 2)*(-1)/2)/(220/(-4608560))?
1
Let a(f) be the third derivative of -47*f**4/12 - 7*f**3/3 + 80*f**2. What is the tens digit of a(-2)?
7
Suppose 5*n + 3*c = 36, 3 = 2*n + 5*c - 0*c. Let o = n + 398. What is the units digit of o?
7
Let i(d) = -3*d**3 - 17*d**2 - 39*d - 15. Let x(a) = 7*a**3 + 33*a**2 + 78*a + 31. Let m(p) = 5*i(p) + 2*x(p). What is the units digit of m(-19)?
8
Let y = 22 - -102. Suppose c = 51 + y. What is the hundreds digit of c?
1
Let o = -23284 - -37691. What is the hundreds digit of o?
4
Suppose 3*j = -j + 32. Suppose -2*a - a = u + j, -2*u + 2*a = -16. Suppose -220 = 3*n - 7*n - u*d, -4*n + 204 = -4*d. What is the units digit of n?
3
Let f(k) = 469*k**3 - k**2 - 10*k - 10. Let o be f(-1). Let g = 1181 + o. What is the hundreds digit of g?
7
Let k(o) = -158 + 8*o - 6*o + 36 - 121*o. What is the tens digit of k(-7)?
1
Suppose 3*x = -1389 + 1383. Suppose 136 = -4*m + 2*m. What is the tens digit of x/((-28)/1250) - m/(-238)?
8
Suppose 0 = -4*k + 40 + 44. Suppose 3*l + k + 3 = 0. What is the units digit of (-460)/l - 2/(-4)?
8
Let k(a) be the second derivative of -a**5/20 + 11*a**4/6 - 3*a**3 + 25*a**2/2 - a - 31. What is the hundreds digit of k(15)?
3
Let u = -456 + 464. What is the units digit of (9/((-162)/(-12)))/(u/4380)?
5
Let w(q) = 6*q**2 - 53*q + 284. What is the units digit of w(8)?
4
Let l be ((-158120)/(-120))/(1/3). Suppose -8*k = -l - 3799. What is the units digit of k?
9
Suppose -c = 3*o + 2346, 4684 = -3*c + c + 2*o. Let d be (-2)/6 + c/(-9). Let z = d + -180. What is the units digit of z?
0
Suppose 0 = -4*l - 709 + 12309. Suppose -31*f + 21*f + l = 0. What is the hundreds digit of f?
2
What is the thousands digit of 1*(-13 - -132485)/8?
6
Let h be (8 - 0/(-6)) + -2 + 3. Suppose 1529 + 4132 = h*p. What is the hundreds digit of p?
6
Let a be ((9 - 7) + (2 - 4))/(-1). Suppose -4*o - 3 + 27 = a. What is the units digit of (-2 + o + 22)*1*3?
8
Let f(r) = 274 - 554 + 5*r**2 + 273 + 4*r. Let g = 5 - 2. What is the tens digit of f(g)?
5
Suppose 30265 = -44*h + 49*h + 2*s, h - 4*s - 6031 = 0. What is the hundreds digit of h?
0
Let f(w) = 89*w + 102. Let u = 224 + -218. What is the hundreds digit of f(u)?
6
Let w = 294 - 301. What is the hundreds digit of (-3756)/w + 3 - 18/(-42)?
5
Let t(s) = 4*s - 51. Let f be t(23). Let z = 285 - f. What is the hundreds digit of z?
2
Let w(r) = 3*r - 22. Let o be w(9). Suppose 5*u = -f + 7, 3*f + 24 = -o*u - 5. What is the tens digit of (-16 + 12)/((-17)/f + -1)?
7
Let c = 325 - -74. Suppose c + 29 = f. Suppose 4*k - 3*m - f = 0, 2*k + 46 = 2*m + 258. What is the tens digit of k?
1
Let z = 0 + 16. Suppose 19*c = z*c + 696. Let n = c - 4. What is the units digit of n?
8
Let r(i) = -i**2 - 51*i - 50. Let s(j) = -2*j - 32. Let c be s(4). What is the tens digit of r(c)?
9
Suppose 0 = 3*s + 15, -3*w + 2*s = -w - 992. Let l = w - -495. Suppose 12*c - 682 = l. What is the tens digit of c?
3
Suppose -5*u = 2*i - 13288 - 21497, 2*u + 69558 = 4*i. What is the units digit of i?
0
Suppose -14*l - 55873 = -2*o - 11*l, o - 4*l = 27934. What is the tens digit of o?
3
Let h(g) = 2*g + 1. Let c be h(4). Let s = c + 3. What is the units digit of -2*s/(-3) - 3?
5
Suppose -j - 4*j + 75 = -5*t, 5*j - 45 = -t. Let k be 4/j - ((-12656)/20)/(-7). Let i = k + 109. What is the tens digit of i?
1
Let o be 896/14 + (-1 - -4). Let v = 59 - o. Let p = v - -71. What is the units digit of p?
3
Suppose 566*b - 379 = 565*b. Let q(c) = 5*c**3 + 4*c**2 - 5. Let d be q(-4). Let s = b + d. What is the tens digit of s?
1
Let x be (-4)/(-8)*(-1 + -29). Let y(a) = 2*a**2 + 35*a + 15. Let w be y(x). What is the tens digit of 63/(-15)*(w/(-3))/(-2)?
4
Suppose -24742 = 367*y - 368*y + 3*p, -12 = -3*p. What is the tens digit of y?
5
Suppose 251*s - 192*s = 1873073. What is the units digit of s?
7
Let l(y) = -y**3 + 8*y**2 - 13*y + 14. Let g be l(4). Suppose -27*j + g*j = h - 143, -3*j = 2*h - 427. What is the units digit of j?
1
Let l(z) = 8*z**2 - 16*z + 38. What is the units digit of l(-16)?
2
Let v(s) = -s**3 + 21*s**2 - 19*s - 26. Let b be v(18). Suppose -b = 7*x - 5966. What is the hundreds digit of x?
7
Suppose -62*i + 1547545 + 32463 = 0. What is the ten thousands digit of i?
2
Let y be (-178425)/(-81) - 4/(-18). Suppose 1733 = 6*t - y. What is the units digit of t?
6
Suppose 0 = t - 54*q + 58*q - 5746, 0 = -2*t + 3*q + 11481. What is the hundreds digit of t?
7
Suppose 12*o - 25*o = 19*o - 1148032. What is the hundreds digit of o?
8
Let v(t) = 154*t + 2945. What is the units digit of v(93)?
7
Let x = 777 - 453. Suppose 3*o = 9, 2*w - 4*o = 4*w - x. What is the units digit of w?
6
What is the ten thousands digit of (((-23146)/(-12))/(-1))/((-22)/(-33))*-4?
1
Suppose -3*g + 16571 = -6649 - 11601. What is the thousands digit of g?
1
Let t(x) =